{"id":179,"date":"2023-10-04T00:34:28","date_gmt":"2023-10-03T22:34:28","guid":{"rendered":"https:\/\/amelonera.org\/?page_id=179"},"modified":"2025-03-04T23:54:10","modified_gmt":"2025-03-04T22:54:10","slug":"colectivos-participantes","status":"publish","type":"page","link":"https:\/\/amelonera.org\/ara\/colectivos-participantes\/","title":{"rendered":"Colectivos participantes"},"content":{"rendered":"<p>A Melonera es un espacio de reuni\u00f3n, creaci\u00f3n y participaci\u00f3n para diversos colectivos y asociaciones. \u00bfParticipas en alg\u00fan colectivo y quer\u00e9is colaborar con A Melonera? No dudes en <a href=\"https:\/\/amelonera.org\/ara\/contactar\/\">contactar.<\/a><\/p>\n<p>Estos son los colectivos que actualmente colaboran con A Melonera<\/p>\n<p>&#8211; Asociaci\u00f3n Cosirando<br \/>\n&#8211; <a href=\"https:\/\/escatizar.noblogs.org\/\">Escatizar<\/a><br \/>\n&#8211; <a href=\"https:\/\/minchadaqui.com\/\">Mincha d&#8217;Aqu\u00ed<\/a><br \/>\n&#8211; <a href=\"https:\/\/www.facebook.com\/plataformaciudadanaprorefugiadosaltoaragon\">Plataforma Pro Refugiados Alto Arag\u00f3n<\/a><br \/>\n&#8211; <a href=\"https:\/\/amelonera.org\/ara\/2025\/02\/25\/grupo-de-consumo-cataticos-en-el-csa-a-melonera\/\">Grupo de Consumo \u00abCataticos\u00bb<\/a><br \/>\n&#8211; <a href=\"http:\/\/radioespiritrompa.blogspot.com\/\">Radio Espiritrompa<\/a><br \/>\n&#8211; <a href=\"http:\/\/siesodejaca.es\/\">Sieso de Jaca<\/a><\/p>","protected":false},"excerpt":{"rendered":"<p>A Melonera es un espacio de reuni\u00f3n, creaci\u00f3n y participaci\u00f3n para diversos colectivos y asociaciones. \u00bfParticipas en alg\u00fan colectivo y quer\u00e9is colaborar con A Melonera? &hellip;<\/p>","protected":false},"author":1,"featured_media":0,"parent":0,"menu_order":0,"comment_status":"closed","ping_status":"closed","template":"","meta":{"footnotes":""},"class_list":["post-179","page","type-page","status-publish","hentry"],"_links":{"self":[{"href":"https:\/\/amelonera.org\/ara\/wp-json\/wp\/v2\/pages\/179","targetHints":{"allow":["GET"]}}],"collection":[{"href":"https:\/\/amelonera.org\/ara\/wp-json\/wp\/v2\/pages"}],"about":[{"href":"https:\/\/amelonera.org\/ara\/wp-json\/wp\/v2\/types\/page"}],"author":[{"embeddable":true,"href":"https:\/\/amelonera.org\/ara\/wp-json\/wp\/v2\/users\/1"}],"replies":[{"embeddable":true,"href":"https:\/\/amelonera.org\/ara\/wp-json\/wp\/v2\/comments?post=179"}],"version-history":[{"count":13,"href":"https:\/\/amelonera.org\/ara\/wp-json\/wp\/v2\/pages\/179\/revisions"}],"predecessor-version":[{"id":1101,"href":"https:\/\/amelonera.org\/ara\/wp-json\/wp\/v2\/pages\/179\/revisions\/1101"}],"wp:attachment":[{"href":"https:\/\/amelonera.org\/ara\/wp-json\/wp\/v2\/media?parent=179"}],"curies":[{"name":"wp","href":"https:\/\/api.w.org\/{rel}","templated":true}]}}